{"id":651,"date":"2025-07-25T10:49:00","date_gmt":"2025-07-25T10:49:00","guid":{"rendered":"https:\/\/olivierbergeron.fr\/?page_id=651"},"modified":"2025-07-25T10:58:46","modified_gmt":"2025-07-25T10:58:46","slug":"mentions-legales","status":"publish","type":"page","link":"https:\/\/olivierbergeron.fr\/?page_id=651","title":{"rendered":"Mentions l\u00e9gales"},"content":{"rendered":"<h2>\u00c9diteur du site<\/h2>\n<p><strong>Raison sociale :<\/strong> Olivier Bergeron &#8211; Chef \u00e0 domicile<br \/><strong>Statut : <\/strong>Auto-entrepreneur<br \/><strong>Adresse :<\/strong> Pernes-les-Fontaines<br \/><strong>T\u00e9l\u00e9phone :<\/strong> <a href=\"tel:10(72)267367\">+33 (0)7 64 54 49 07<\/a><br \/><strong>SIRET : 800 858 680 00021<\/strong><\/p>\n<h2>Responsable de publication<\/h2>\n<p><strong>Directeur de publication :<\/strong> Olivier Bergeron<br \/><strong>Responsable \u00e9ditorial :<\/strong> Olivier Bergeron<\/p>\n<h2>Conception et r\u00e9alisation<\/h2>\n<p><strong>Conception web :<\/strong> Bryan Hammache<br \/><strong>Site web :<\/strong> bryanhammache.fr<br \/><strong>Email :<\/strong> contact@bryanhammache.fr<\/p>\n<h2>H\u00e9bergement<\/h2>\n<p><strong>H\u00e9bergeur :<\/strong> OVH Cloud<br \/><strong>Adresse : <b>2, rue Kellermann, 59100 Roubaix<\/b><\/strong><\/p>\n<h2>Propri\u00e9t\u00e9 intellectuelle<\/h2>\n<p>L&rsquo;ensemble de ce site rel\u00e8ve de la l\u00e9gislation fran\u00e7aise et internationale sur le droit d&rsquo;auteur et la propri\u00e9t\u00e9 intellectuelle. Tous les droits de reproduction sont r\u00e9serv\u00e9s, y compris pour les documents t\u00e9l\u00e9chargeables et les repr\u00e9sentations iconographiques et photographiques.<\/p>\n<p>La reproduction de tout ou partie de ce site sur un support \u00e9lectronique quel qu&rsquo;il soit est formellement interdite sauf autorisation expresse du directeur de la publication.<\/p>\n<h2>Protection des donn\u00e9es personnelles<\/h2>\n<p>Conform\u00e9ment \u00e0 la loi \u00ab Informatique et Libert\u00e9s \u00bb du 6 janvier 1978 modifi\u00e9e et au R\u00e8glement G\u00e9n\u00e9ral sur la Protection des Donn\u00e9es (RGPD), vous disposez d&rsquo;un droit d&rsquo;acc\u00e8s, de rectification, de suppression et d&rsquo;opposition au traitement de vos donn\u00e9es personnelles.<\/p>\n<p>Pour exercer ces droits, vous pouvez nous contacter \u00e0 l&rsquo;adresse : [email \u00e0 compl\u00e9ter]<\/p>\n<h2>Cookies<\/h2>\n<p>Ce site utilise des cookies pour am\u00e9liorer l&rsquo;exp\u00e9rience utilisateur et analyser le trafic. En continuant \u00e0 naviguer sur ce site, vous acceptez l&rsquo;utilisation de cookies.<\/p>\n\n\n<p><\/p>\n","protected":false},"excerpt":{"rendered":"<p>\u00c9diteur du site Raison sociale : Olivier Bergeron &#8211; Chef \u00e0 domicileStatut : Auto-entrepreneurAdresse : Pernes-les-FontainesT\u00e9l\u00e9phone : +33 (0)7 64 54 49 07SIRET : 800 858 680 00021 Responsable de publication Directeur de publication : Olivier BergeronResponsable \u00e9ditorial : Olivier Bergeron Conception et r\u00e9alisation Conception web : Bryan HammacheSite web : bryanhammache.frEmail : contact@bryanhammache.fr H\u00e9bergement [&hellip;]<\/p>\n","protected":false},"author":1,"featured_media":0,"parent":0,"menu_order":0,"comment_status":"closed","ping_status":"closed","template":"full-width.php","meta":{"_acf_changed":false,"footnotes":""},"class_list":["post-651","page","type-page","status-publish","hentry"],"acf":[],"_links":{"self":[{"href":"https:\/\/olivierbergeron.fr\/index.php?rest_route=\/wp\/v2\/pages\/651","targetHints":{"allow":["GET"]}}],"collection":[{"href":"https:\/\/olivierbergeron.fr\/index.php?rest_route=\/wp\/v2\/pages"}],"about":[{"href":"https:\/\/olivierbergeron.fr\/index.php?rest_route=\/wp\/v2\/types\/page"}],"author":[{"embeddable":true,"href":"https:\/\/olivierbergeron.fr\/index.php?rest_route=\/wp\/v2\/users\/1"}],"replies":[{"embeddable":true,"href":"https:\/\/olivierbergeron.fr\/index.php?rest_route=%2Fwp%2Fv2%2Fcomments&post=651"}],"version-history":[{"count":8,"href":"https:\/\/olivierbergeron.fr\/index.php?rest_route=\/wp\/v2\/pages\/651\/revisions"}],"predecessor-version":[{"id":660,"href":"https:\/\/olivierbergeron.fr\/index.php?rest_route=\/wp\/v2\/pages\/651\/revisions\/660"}],"wp:attachment":[{"href":"https:\/\/olivierbergeron.fr\/index.php?rest_route=%2Fwp%2Fv2%2Fmedia&parent=651"}],"curies":[{"name":"wp","href":"https:\/\/api.w.org\/{rel}","templated":true}]}}